et i(t) = 6*t + 15. What is i(h)?
-9
Let n(f) = 75*f - 158. Let x be n(2). Let g(w) = w**2 + 16*w + 14. Let m(k) = k + 1. Let d(v) = g(v) - 6*m(v). Determine d(x).
-8
Suppose 4*g = -s - 3*s, 0 = 4*g - 4*s - 16. Let h(a) be the third derivative of 208*a**2 + 0*a + 0 + 0*a**3 + 1/120*a**6 + 1/8*a**4 - 1/15*a**5. Give h(g).
-2
Let u(c) = -c**2 - 19*c + 42. Suppose 9*b - 4*l = 13*b + 68, -5*b - l = 97. What is u(b)?
22
Suppose 0 = 4*n - 12*n + 264. Suppose 0 = -13*b + 10*b + n. Let g(a) = 50 + 3*a**2 - 4*a**2 - b*a - 33. Calculate g(-12).
5
Let g(k) = -7*k**2 - 9*k + 8. Let d(f) = 6*f**2 + 9*f - 8. Let y(m) = 6*d(m) + 5*g(m). Let p be y(-10). Let i(u) = -u**2 - 3*u + 2. Calculate i(p).
-8
Let r(k) be the second derivative of 3*k**2 + 3*k + 0 - 1/6*k**3. Suppose 0 = -d - 6, 90*o + d = 86*o + 34. Calculate r(o).
-4
Let u(o) = -5*o - 2. Let x(c) = -c. Let k be ((-6)/(-3))/((-2)/(-1)). Let i(m) = k*u(m) - 6*x(m). Let w be (0/8)/((-5)/(-3 + -2)). Give i(w).
-2
Let l(z) be the second derivative of 19*z**4/12 - z**3 + 5*z**2/2 + 2274*z. Calculate l(2).
69
Let z(p) be the second derivative of p**7/840 + p**6/72 + p**5/60 + 5*p**4/24 - 32*p**3 - 22*p. Let i(o) be the second derivative of z(o). What is i(-5)?
-5
Let a(t) = -5*t**3 + 16*t**2 + 12*t + 10. Let s(g) = -g**3 + g**2 + 1. Let h(c) = a(c) - 4*s(c). Determine h(13).
-7
Let z be 1 - (-1 + 2)/(-1). Let d(g) = -11*g**z + 8*g**2 + g - 7*g**2 - 4*g**2. Determine d(-1).
-15
Suppose 5*k - y = 64, -54*k + 58*k = 2*y + 44. Let a(m) = -m**2 + 11*m + 47. What is a(k)?
5
Let l(i) = 2*i + 30. Let c be (4/10)/(128/(-2240)). Calculate l(c).
16
Let n(v) be the third derivative of v**5/60 - v**4/4 - 2*v**3/3 + 2*v**2. Suppose 0 = 22*m - 14*m + 160. Let h be (9/108*m)/((-1)/3). Determine n(h).
-9
Let k(c) = -2*c - 20. Let h be 0/(-4 - -7 - 2). Calculate k(h).
-20
Let j = 10729 - 10744. Let m(w) = w**2 + 15*w + 3. What is m(j)?
3
Let h(p) = 0 - 13*p + 6*p - 2 + 3*p + 2*p. Let n = 7 + -10. Let v = -8 - n. Give h(v).
8
Suppose 5*y - i + 8 = 0, 0 = -y + 3*i + 100 - 124. Let c(o) = -o**2 + 10*o + 42. Give c(y).
42
Suppose -120*z - 377 = -133*z. Suppose -5*m - z = 3*u, u - 3*m + 5 = -0*u. Let k(c) = 8*c**2 + 4*c**3 + 3 - 2*c**3 - c**3 + c. Give k(u).
-5
Let v(z) = -2*z**2 + 8*z + 12. Let o(j) be the first derivative of -j**3 + 6*j**2 + 18*j + 2. Let l(a) = -5*o(a) + 8*v(a). Suppose -30 = -5*w - w. What is l(w)?
1
Let i(w) = w**3 + 7*w**2 + 7*w - 6. Suppose 3*t = -26*k + 23*k + 18, 4*k - 5*t - 6 = 0. Suppose 3 = -4*c - k*a - 5, c = a - 10. Determine i(c).
-12
Suppose -6*d + 34 - 28 = 0. Let p(t) = d - t + 9*t + t**2 - 3*t. Suppose 0*n = n + 4. What is p(n)?
-3
Let k(a) = 65*a - 25. Let p = -89 - -53. Let y = p + 32. Let u(m) = -11*m + 4. Let d(v) = y*k(v) - 25*u(v). What is d(-1)?
-15
Let f(b) = -13*b - 36. Let i = 104 + -108. Give f(i).
16
Let n = -2 - 0. Let w be 15/12 - (-1)/(4/39). Let x(l) = 25 - 6*l - w - 4 - 2 - 10. Give x(n).
10
Let r(c) = 31*c**3 + c**2 - 3*c + 3. Suppose 1 - 14 = 2*n + 3*v, 0 = -5*n + 3*v + 20. Calculate r(n).
32
Let v(d) = d**2 - 8*d + 8. Let g(m) = -m**2 - 6*m + 53. Let a be g(-9). Suppose -b - 14 = -2*k, -2*k - 2*k = -b - a. Give v(k).
-4
Let b(u) = -4 + 94*u - 21 + 33*u - 26 - 129*u. Give b(-23).
-5
Let g(x) be the third derivative of -x**5/60 - 13*x**4/12 - 121*x**3/6 - 7*x**2 + 64*x. What is g(-11)?
44
Let n(o) be the second derivative of -7*o**3/6 - 3*o**2/2 + 71*o. Calculate n(-9).
60
Let i(u) be the first derivative of u**4/12 - 3*u**3/2 + 11*u**2 - 24. Let g(k) be the second derivative of i(k). Give g(6).
3
Suppose -20 = -5*t + t. Let a(o) be the second derivative of o**4/12 - 4*o**3/3 + 7*o**2/2 + 117*o + 40. Give a(t).
-8
Suppose l = 2*y - l - 16, 3*y - 29 = -2*l. Let j(h) be the first derivative of h**2/2 - 9*h + 2611. Determine j(y).
0
Let a = 4459 - 4439. Let t(j) = j**2 - 23*j + 51. Give t(a).
-9
Let i(h) = -h - 3. Let t = -295 + 315. Suppose 2*m + 5*j = j + t, 18 = 2*m + 2*j. Determine i(m).
-11
Let j be (18/(-104) - 17/221)*(-2 + 2). Let v(s) = -s**3 - s**2 - 38. Determine v(j).
-38
Let h(u) = -11*u**3 - 15*u - 68. Let t(l) = 13*l**3 - l**2 + 16*l + 80. Let a(m) = 6*h(m) + 5*t(m). Determine a(-3).
4
Let i(n) = 2*n**3 + 33*n**2 + 16*n - 15. Suppose 0 = 114*m - 112*m - w + 35, 3*w = 9. Calculate i(m).
-15
Let y be 1/2 - 110/(-20). Suppose -y*a + 8 = -7*a. Let s(f) = -f**2 - 8*f - 5. Give s(a).
-5
Let a(z) = 21*z + 1138. Let v be a(-55). Let s(j) = -2*j**3 - 32*j**2 + 35*j + 15. Determine s(v).
-2
Let g(h) = -113*h + 116*h + 4 - 3. Let j = 23 - 13. Suppose -5*u - 2*n = -2 - 3, 0 = 2*n - j. Give g(u).
-2
Let p(j) = j**3 + 5*j**2 - 8*j - 6. Let y(x) = -4*x**3 - 4*x**2 - 8*x - 11. Let t be y(-3). Let f = -88 + t. Let i be (-5)/30*f*-12. Give p(i).
6
Let f(s) = -s**2 + 8*s - 2. Suppose -o + 34 = 4*t - 84, -3*t = 4*o - 82. Suppose -t*l + 88 = -152. What is f(l)?
-2
Let f(d) = -d**2 - d. Let p(c) = -2*c**3 - 5*c**2 - 4*c + 70. Let z(u) = -3*f(u) + p(u). Let y be z(0). Let m(j) = 2*j - 39 + y - 27. Give m(5).
14
Let d(p) be the second derivative of p**4/12 - p**3/2 - 21*p**2/2 - 232*p. Let q be d(7). Let i(z) = -z**2 + 7*z - 1. Give i(q).
-1
Suppose 0 = 2*q + 3*r + 2, -23 = -3*q + r - 4. Suppose 4*u = q + 7. Let j(c) = c**2 - 2*c - 9*c + 9 + u*c. Calculate j(6).
-3
Let b(w) = -w + 4. Let i(r) = -7*r + 16. Let k(m) = -6*b(m) + i(m). Suppose -o - 4*j = 11, -7 = 2*j + 1. Suppose -o*h = -h. Give k(h).
-8
Let s(d) = -d**3 - 57*d**2 - 115*d - 269. Let h be s(-55). Let i(k) = 4*k + 14. Calculate i(h).
38
Let d(x) = 24*x - 1. Let c(b) = -166*b. Let k(g) = 2*c(g) + 14*d(g). Give k(3).
-2
Let v = 326 - 329. Let p(i) = 3*i**2 + 5*i + 12. Let a(u) = -u**2 - 2. Let y(n) = 2*a(n) + p(n). Determine y(v).
2
Let y be (4/(-5))/((-3)/30*-4). Let a be (-6)/(-12)*y - 5. Let f(g) = g - 5. What is f(a)?
-11
Let k(r) = 2*r - 22. Suppose -7 + 4 = 3*x, -5*x - 5 = 3*q. Suppose -1150*z + 1159*z - 135 = q. Calculate k(z).
8
Let p(b) be the second derivative of -1/12*b**4 - 5/2*b**2 + 0 - 1/3*b**3 + 50*b. Calculate p(-5).
-20
Let q(u) = -61*u + 240*u - 63*u - 59*u - 63*u + 6. Calculate q(5).
-24
Let y(b) = -13*b + 8. Let k(z) = 73*z - 91. Let a(x) = k(x) + 6*y(x). Give a(-9).
2
Let d be (0 - 0/(-2)) + (9 - 13). Let b be (1 - d)*(-11)/(-5). Let o(n) = -2*n + 13. Calculate o(b).
-9
Let m be 40/(6 - 1) + -12. Let o(n) = -8*n - 8. What is o(m)?
24
Let w be (23/(161/12))/(-4*(-1)/14). Let t(l) = 0 + 5 - 2 - 2*l. Determine t(w).
-9
Let k(t) be the third derivative of -t**5/120 + t**4/2 + 29*t**3/3 - 11*t**2 + 1. Let z(y) be the first derivative of k(y). Calculate z(9).
3
Let o(g) = -43*g + 65*g**2 - 11 - 67*g**2 + 26*g. Give o(-7).
10
Suppose 5*f + 5*t - 65 = 0, -2*f = 2*f - 2*t - 52. Let x = -4 + f. Let y(g) = 7*g**2 - g + 12*g - 11 - g**2 + 4*g**2 - 11*g**2. What is y(x)?
7
Let r(w) = -4*w**2 + w - 5. Let x(v) = -2*v**2 - 7. Let k(m) = 2*r(m) - 3*x(m). Give k(7).
-73
Let h = 5184 + -5200. Let a(z) = -z**3 - 15*z**2 + 16*z - 10. Determine a(h).
-10
Let n(r) = -9*r**2 + 98*r - 36. Let f(c) = 13*c**2 - 144*c + 56. Let x(m) = 5*f(m) + 7*n(m). Calculate x(16).
-4
Suppose 5*a + 2 = 12, -5*o + 4*a + 47 = 0. Let s(l) = 12*l + 634 - 1264 + 621 - l**2. Give s(o).
2
Let l(h) = -h + 12. Suppose 3*b = -3*y + 51, 9*b - 12*b = -3*y + 63. Suppose 28 + 105 = y*m. Calculate l(m).
5
Let j(t) = -3*t**2 + 2*t + 89. Let r(q) = -14*q**2 + 9*q + 445. Let d(h) = 11*j(h) - 2*r(h). Let p(g) be the first derivative of d(g). What is p(-3)?
34
Let y be ((-36)/(-42))/(6/28). Suppose 0 = -5*i - 3*s - s - 5, -4*i = 3*s + y. Let r(n) = 45*n. Give r(i).
-45
Let h(y) be the first derivative of -y**4/4 + y**3/3 - y**2/2 - 6*y - 7. Let p(r) = r**2 - 1. Let i(b) = h(b) - 2*p(b). Let v = 25 + -25. Calculate i(v).
-4
Let i(t) = -227*t + 4769. Let m be i(21). Let f(s) = 5*s**2 - 10*s + 15. Determine f(m).
15
Suppose -5*j + 40 = 6*v - 2*v, -3*j = -3*v + 3. Let f be 1/(-1)*j/(6/(-3)). Let q(r) = r + 2*r + 1 + 2*r + 3 + r**f. Determine q(-3).
-2
Let l be (1/2)/1*2. Let k be (-115)/(-46)*12/2. Let t(a) = -12*a + 3 + 11 + 2 - k. What is t(l)?
-11
Let r be 34 - (2/4)/((-21)/42). Let s(k) = -k**3 + 35*k**2 - k + 29. Let q be s(r). Let b(p) = p**2 + 4*p - 11. What is b(q)?
1
Let j(q) = -8 + 16*q - 29*q + 44*q - 30*q. Suppose -4*g - 41 = b, 4*g + b - 2*b + 31 = 0. Cal